i - 14 = -4. Let c(j) be the second derivative of 1/2*j**2 + 0*j**4 + 0*j**3 + 0 + 1/20*j**i - 2*j. Give c(-2).
-7
Let w = 2 + -1. Suppose -r = -2*r + w. Let m(p) = 12*p**3 + 2*p**2 - p. Determine m(r).
13
Let k(p) = -p**2 - 5*p - 5. Let v = 11 + -7. Let x be (-15)/12*(0 + v). Give k(x).
-5
Let z(q) = -q**3 + 7*q**2 + 3*q. Let x(l) = -l**2 + l + 1. Let k(u) = -2*x(u) - z(u). Give k(6).
4
Let n(m) = 17*m**3 - 7*m**3 + m**2 - 9*m**3 - 3*m + 4*m. Let l be n(-2). Let v(k) = -k**2 - 5*k - 9. Give v(l).
-15
Let l(x) = 2*x - 6. Let k = 11 - 6. What is l(k)?
4
Let k(p) = 41*p**2 - 3 + 5*p - 42*p**2 + 3. Calculate k(6).
-6
Let o(b) be the third derivative of b**7/5040 - b**6/180 - b**5/60 + 7*b**2. Let l(x) be the third derivative of o(x). Give l(4).
0
Let q(u) = u + 2. Suppose 2*w - 9 = -w. Suppose -2*y + 4 = -w*y. Let t = -9 - y. Give q(t).
-3
Let v be 2/(-7) - (-16)/7. Suppose 25 = v*o + 3*o + 4*q, -o = 3*q - 16. Let b(w) = o - w - 2*w - 12*w**3 + 3*w. Calculate b(1).
-11
Let p(n) = n**3 + 4*n**2 - 6*n + 7. Let u = -10 - -1. Let y = u - -4. Calculate p(y).
12
Let v(u) = u + 2. Suppose 13 = -4*x + 3*o + 4, 4*x = -4*o - 44. Calculate v(x).
-4
Let h(k) = 8*k**2 + k - 8. Let l(o) = -7*o**2 - o + 7. Let x(b) = 5*h(b) + 6*l(b). Let p(t) = -t + 7. Let w be p(9). Calculate x(w).
-4
Let v(i) be the first derivative of -i**4/8 - i**3/3 - 2*i**2 - 4. Let n(l) be the second derivative of v(l). Calculate n(-2).
4
Let p = -6 + 10. Let j(q) be the first derivative of -q**4/12 + 2*q**3/3 + q - 3. Let o(a) be the first derivative of j(a). What is o(p)?
0
Let y(n) be the first derivative of n**4/4 - n**3/3 + 7*n + 6. Determine y(0).
7
Let z be (2 - 0)/(4/6). Let a(u) be the first derivative of 2*u**3/3 - 5*u**2/2 + 3*u - 2. What is a(z)?
6
Let i = 0 + 0. Suppose i = p - 6*p - 15. Let l be 2/9*p*3. Let d(h) = -2*h**2 - h. Give d(l).
-6
Suppose -5*s + 3*p - 36 = 0, -5*p + 0 + 10 = 0. Let u(h) = -h - 3. Give u(s).
3
Let o(s) = -s**3 - 2*s**2 - s - 2. Suppose 0 = 4*z - 4*h + 7 + 21, -z - h + 3 = 0. Determine o(z).
0
Let v = -6 - -4. Let h(f) be the first derivative of -2 - 1/4*f**4 + 0*f - 3/2*f**2 - 4/3*f**3. Determine h(v).
-2
Let r = 10 - 8. Let g(k) = -1 - 6*k - 3*k + r. Determine g(1).
-8
Let t(d) = 3*d + 5*d + 11 + d - 8*d. Give t(-6).
5
Suppose 3*t - t = 8. Let f = 8 - t. Let j(l) = 3*l - 4. Give j(f).
8
Let v(g) = -g**3 + 3*g**2 - 2*g + 1. Let z = 2 - 5. Let j(k) = k**2 + k - 1. Let t be j(z). Suppose -9 = -2*a + t*s, 2*a - 7*a + 2*s = -12. Give v(a).
1
Suppose 5*x - 6 - 24 = 0. Suppose -5*l - 15 = h, 2*h - x = 2*l - h. Let j be l/(-2) + 1/(-2). Let v(d) = 3*d**2 + 2*d - 1. What is v(j)?
4
Let g(z) = 5*z**2 - 3*z + 13. Let s be (-3 + 9)/((-2)/2). Let l(q) = -6*q**2 + 4*q - 14. Let v(a) = s*l(a) - 7*g(a). Suppose -2*o - 3*o = -25. Determine v(o).
3
Let x(a) = -6*a - 40. Let u be x(-6). Let p(f) = -f**3 - 3*f**2 + 3*f + 1. What is p(u)?
5
Let p(z) = 2*z + 43. Let m be p(-20). Let k(q) = q**2 - 4*q - 1. What is k(m)?
-4
Let b(j) = 2*j + 6. Suppose 4*u - 14 = -5*n, -3*n + 2*n = -u + 8. What is b(u)?
18
Suppose t - 2*t = -5. Let s(n) = -9*n**3 + 15*n**2 + 8*n + 8. Let l(i) = -4*i**3 + 7*i**2 + 4*i + 4. Let a(f) = -7*l(f) + 3*s(f). Determine a(t).
1
Let r(w) = w**3 - 5*w**2 + 5*w + 2. Let u = -5 - -3. Suppose -10 = 6*a - a. Let l be (a/5)/(u/20). Calculate r(l).
6
Let t(c) = 4 - c - 3 + 3*c - 8*c. Suppose -b + 2*a - 3 - 6 = 0, -2*a = -10. What is t(b)?
-5
Let y(s) = s**2 - 2*s - 2. Suppose 3*o = -3*c, -4*o + 4*c + 1 - 9 = 0. Let w be ((-4)/5)/(o/5). Give y(w).
6
Let y(v) be the second derivative of -v**4/12 + v**3/3 + 2*v**2 - 8*v. Let g be y(3). Let n(k) = 13*k**3. Give n(g).
13
Let o = -20 + 14. Let d(k) = -k**3 - 5*k**2 + 5*k - 2. Let p be d(o). Let s(x) = -x**3 + 2*x**3 - 5*x**2 + 5*x + 0*x**2 - 1. Determine s(p).
3
Let g(i) be the third derivative of -7/60*i**5 + i**2 + 0 - 1/120*i**6 + 0*i - 2/3*i**3 - 1/4*i**4. Suppose 5*s = -3*f + 5 - 29, -40 = 5*s - 5*f. Give g(s).
-4
Let g(y) be the second derivative of -1/6*y**3 + 0 + 0*y**2 + 2*y. Determine g(0).
0
Suppose -6*d = 3*h - 3*d + 12, -4 = 3*h - d. Let o(a) be the second derivative of -a**4/6 - a**3/6 + 13*a. Give o(h).
-6
Suppose -5*d + 3*h = -3, -4*d - d = 5*h - 35. Let i(l) = l**2 - 3*l - 3. Give i(d).
-3
Let y(m) = -m**2 - m - 3. Suppose -12 = -3*t + 45. Suppose -t*o + 23*o = 0. Give y(o).
-3
Let z(u) = u**2 + 6*u + 7. Let n(b) = -b**2 + 4*b - 1. Let o be n(5). Calculate z(o).
7
Let u(l) = -l**3 - l**2. Let k be u(-1). Let m(a) be the second derivative of 1/2*a**3 - 1/2*a**2 + k - 2*a - 1/20*a**5 - 1/12*a**4. Give m(2).
-7
Let t(r) = r**2 + r - 1. Let b(s) = -2*s**2 - 4*s + 13. Let l(n) = -b(n) - 3*t(n). Suppose 10 = -2*k, 2*k + 20 = 5*v - 2*k. Determine l(v).
-10
Suppose -15 = u - 0*u. Let l be u/(-3) + -4 + 1. Let t(b) = 3*b + b**2 + 1 + b**l + 2. What is t(-2)?
5
Suppose -2*z + 2*b = -5*z + 22, 5 = 5*z - 3*b. Let g(r) be the third derivative of 0 + 5/6*r**3 + 1/60*r**5 + 5/24*r**z + 0*r + r**2. Calculate g(-5).
5
Let b(c) be the third derivative of -c**4/12 + 4*c**3/3 - c**2. Suppose -24 = -4*l - 2*l. Let v be 2 - (l - 7 - 1). Determine b(v).
-4
Let q(g) = 4*g - 6. Let o(v) = -3*v + 6. Let s(m) = -6*o(m) - 5*q(m). Suppose -3*y - 8 - 1 = -3*f, -4*y - 4*f + 28 = 0. Suppose -y*z - 10 = -2. Determine s(z).
2
Let j(l) be the third derivative of -l**4/24 + 7*l**3/6 + 12*l**2. What is j(4)?
3
Let k(t) = -t**3 + 3*t**2 + 2*t - 2. Let a = 2 - -1. Let p be k(a). Let f(r) = -3*r + 2 + 4 + 0*r. Calculate f(p).
-6
Let g(x) = -49*x. Let k(m) = 9*m. Let y(s) = -s**3 - s**2 - s + 5. Let p be y(0). Let f(r) = p*g(r) + 28*k(r). Suppose 1 - 2 = -c. Give f(c).
7
Let n(s) = -6*s - 1. Let w(r) = -r. Let k(h) = 2*n(h) - 11*w(h). Calculate k(-5).
3
Let k be (-32)/(-12)*9/(-4). Let r(x) = 11*x**2 - 25*x + 7. Let l(q) = -5*q**2 + 12*q - 3. Let c(s) = k*r(s) - 13*l(s). Give c(-6).
-3
Suppose -5*a + 9 = -1. Let l be a/(-11) - (-52)/44. Let f(s) be the third derivative of -s**6/40 - s**5/30 + s**4/12 - s**3/6 + 4*s**2. Determine f(l).
-4
Let w(s) = 4*s**2 + 2*s + 1. Let j(z) = -z**3 - 15*z**2 - 2*z - 12. Let r be j(-15). Let u be r/12*(-2)/3. Calculate w(u).
3
Let m be 1/(((-6)/15)/(-2)). Let z(u) = u**3 - 5*u**2 - u + 4. What is z(m)?
-1
Let c(f) = -4*f + 4. Let x(j) = -j**2 + 6*j - 3. Let g be x(4). What is c(g)?
-16
Let b = 12 - 6. Let v be -3*2*4/b. Let y be (-6)/v*4/6. Let a(u) = -2*u + 1. Give a(y).
-1
Let j(m) = 2*m**2 + 2*m**2 + 7 - 12 - 3*m**2 + 4*m. Give j(-6).
7
Let s(o) = 5*o**2. Suppose -2*u + 5*u - 18 = 0. Suppose -p - u = -3*p. Suppose -5*x - 2 - p = 0. Give s(x).
5
Suppose 0 = -5*r + 6 + 14. Let o(z) = -r*z + 10 + 3*z - 14. Determine o(0).
-4
Let r(h) = -h**3 - 2*h**2 + h + 2. Let z = -66 - -46. Let y be z/30 + 8/3. Determine r(y).
-12
Suppose -1 = h - f, 2 = -4*h + 3*f - 2. Let u(i) = i**2 + 1. What is u(h)?
2
Suppose 2*q + 0*q = -40. Let g be q/(-150) - (-32)/(-15). Let d(h) = -h**3 - 3*h**2 - 2*h + 1. Calculate d(g).
1
Let p be 3/((-9)/(-12)) + -2. Let t(f) = 0 + 0 + 5 + f**3 + 10*f**p + 2*f - f. Let k be t(-10). Let j(y) = -y**2 - 3*y + 3. What is j(k)?
-7
Let b(j) = -10*j - 16. Let c = 8 - 15. Let h(x) = -13*x - 41. Let o(q) = -4*q - 14. Let n(s) = 3*h(s) - 8*o(s). Let u(a) = c*n(a) + 5*b(a). Determine u(-3).
0
Let m(a) = 10*a**3 + 4*a - 7. Let n(k) = -3*k**3 - k + 2. Let h(g) = -2*m(g) - 7*n(g). Calculate h(-2).
-6
Let h = 9 - 5. Suppose -8 = h*q + 4*j, -2 = -3*j - 5. Let w(i) = -3*i**3 + i**2. Give w(q).
4
Let q(v) = -8*v - 43. Let x be q(-5). Let c(n) = -4*n**2 - 3*n + 1. Give c(x).
-26
Let o(z) = 6*z**3 - 2*z**2 + 2*z - 1. Let v be o(1). Let c(u) be the second derivative of -1/12*u**4 + 0 + u + 5/6*u**3 + 5/2*u**2. What is c(v)?
5
Let r be (2/2)/((-1)/(-2)). Let p(c) = c - 8 + r - 1 - 2. Calculate p(7).
-2
Let a(r) = -r**3 + 6*r**2 - 7*r + 6. Let h = 11 - 8. Suppose h + 5 = 2*w. What is a(w)?
10
Let i be 1 + (1 - (0 - 0)). Let g = i + 1. Suppose 5 - g = -t. Let j(p) = -p - 1. Give j(t).
1
Let h be 5 - 9 - (4 - 3). Let l(i) = -i**3 - 4*i**2 + 3*i + 4. Give l(h).
14
Suppose -4*d - 2 + 10 = 0. Suppose -4*i + d = -3*i. Let z(r) = r - r**i + 5*r + 2*r - 4*r - 1. Calculate z(2).
3
Let n(s) = 5*s - 13. Let o be n(2). Let g(p) = 6 + p + 0 - 2. Give g(o).
1
Let s be -2 - (-9)/(36/16). Let b be ((-24)/(-20))/(6/20)